 - 5936*k + 7. Calculate p(-11).
-37
Let k(v) = 24*v**2 - 648*v - 20971. Calculate k(-19).
5
Let q(b) = 429*b + 77972. Calculate q(-183).
-535
Let j(y) = 11835*y - 532541. Determine j(45).
34
Let i(b) = -252*b**2 - 20665*b - 89. What is i(-82)?
-7
Let k(h) = 48*h**3 - 15*h**2 - 17*h + 18. What is k(-2)?
-392
Let x(w) = -w**2 - 268*w + 131. Determine x(0).
131
Let t(b) = -6448*b - 670595. Calculate t(-104).
-3
Let g(x) = -x**3 + 96*x**2 + 1558*x - 49. Give g(-14).
-301
Let l(p) = 2*p**3 - 431*p**2 - 1470*p - 13817. Give l(219).
-20
Let m(t) = 3053*t + 3007. What is m(-1)?
-46
Let n(m) = -699911*m - 4899357. Give n(-7).
20
Let k(w) = 3*w**3 - 14*w**2 - 4973*w + 24809. What is k(5)?
-31
Let y(h) = -4*h**3 + 8*h**2 - 136*h + 1124. Determine y(9).
-2368
Let w(i) = -257850*i - 515721. Calculate w(-2).
-21
Let q(h) = -h**3 - 36*h**2 - 47*h - 380. What is q(-30)?
-4370
Let u(o) = -197768*o + 1186058. Calculate u(6).
-550
Let r(u) = -2593*u**2 + 88167*u - 51. Give r(34).
119
Let w(m) = 35953*m - 539293. Give w(15).
2
Let c(t) = -47*t**2 - 138*t - 19. Calculate c(-1).
72
Let c(l) = 138371*l + 691776. Give c(-5).
-79
Let s(x) = -8*x**2 + 450*x + 1379. Determine s(59).
81
Let k(s) = -s**3 - 40*s**2 + 1352*s + 54217. Determine k(-39).
-32
Let a(o) = 280778*o + 1123111. What is a(-4)?
-1
Let g(n) = 1457*n + 356116. What is g(-244)?
608
Let w(d) = 5*d**2 + 96*d - 5. Give w(-18).
-113
Let g(a) = 4*a**2 - 181*a - 5241. Calculate g(-20).
-21
Let i(w) = w**3 + 62*w**2 - 3585*w - 222379. Give i(-61).
27
Let q(y) = -66913*y + 2341959. Calculate q(35).
4
Let h(x) = -107*x - 18653. Calculate h(-175).
72
Let d(f) = -f**3 - 5*f**2 - 4561*f - 36685. What is d(-8)?
-5
Let d(l) = l**2 - 2275*l - 389594. Determine d(-160).
6
Let k(z) = -543838*z + 11420594. Calculate k(21).
-4
Let c(k) = -k**3 + 35*k**2 - 267*k + 1350. Determine c(27).
-27
Let u(c) = 15*c**3 - 1335*c**2 + c - 116. What is u(89)?
-27
Let b(k) = 7289*k + 14598. Give b(-2).
20
Let n(u) = -26*u**2 + 255*u + 2502. Determine n(-6).
36
Let w(i) = -i**2 + 48162*i - 433368. Calculate w(9).
9
Let y(p) = p**2 - 54*p - 202. What is y(-3)?
-31
Let i(a) = -63*a**2 + 53*a - 460. Give i(6).
-2410
Let c(q) = 903*q + 109273. Determine c(-121).
10
Let t(h) = 4*h**2 + 399*h + 9381. What is t(-38)?
-5
Let a(z) = 173*z**2 + 3488*z - 3035. Give a(-21).
10
Let s(p) = -1965*p - 668. Determine s(0).
-668
Let l(y) = -y**3 + 39*y**2 - 321*y - 907. What is l(24)?
29
Let t(y) = -y**3 + 24*y**2 - 141*y + 190. Give t(9).
136
Let u(l) = -6342*l + 19031. What is u(3)?
5
Let o(t) = -7*t**3 + 342*t**2 + 3922*t - 12173. What is o(58)?
7
Let c(a) = -2*a**3 + 10*a**2 - 559*a + 3855. What is c(7)?
-254
Let s(f) = 1062*f + 29699. What is s(-28)?
-37
Let s(y) = -y**3 - 58*y**2 - 518*y - 403. Calculate s(-47).
-356
Let l(g) = -565*g - 65203. Determine l(-117).
902
Let q(b) = 3*b**2 - 6792*b + 114534. What is q(17)?
-63
Let r(s) = 183*s - 35347. Determine r(194).
155
Let b(h) = -48*h**3 + 15*h**2 - 51*h + 52. Calculate b(2).
-374
Let s(d) = -1565*d + 9639. What is s(6)?
249
Let r(t) = 6*t**3 + 39*t**2 - 146*t - 1096. Calculate r(-7).
-221
Let v(i) = -173*i**2 - 8676*i - 1303. Give v(-50).
-3
Let w(r) = -4333*r + 182005. Determine w(42).
19
Let l(r) = 112*r + 2020. Calculate l(-23).
-556
Let m(v) = 3*v**3 - 47*v**2 + 94*v - 788. Give m(14).
-452
Let n(k) = -1984*k - 61258. Determine n(-31).
246
Let u(h) = -23*h**2 + 118*h + 1564. Calculate u(-6).
28
Let v(f) = -f**3 + 103*f**2 - 930*f + 219. Calculate v(93).
219
Let v(d) = -57*d**2 - 15102*d + 141376. Calculate v(-274).
-8
Let z(a) = -15*a**2 - 444*a + 236. Give z(-31).
-415
Let j(u) = 70*u + 15. What is j(14)?
995
Let r(u) = 710*u**2 - 1720*u + 614. Give r(2).
14
Let n(x) = -14*x**2 - 16*x - 102. What is n(16)?
-3942
Let t(j) = -107*j + 4629. Calculate t(43).
28
Let p(c) = c**3 - 20*c**2 + 117*c + 158. Calculate p(11).
356
Let v(g) = -10827*g - 6463669. Calculate v(-597).
50
Let d(j) = -2347*j**2 + 157252*j - 202. What is d(67)?
-1
Let c(s) = -5*s**3 - 56*s**2 - 110*s + 142. Calculate c(-4).
6
Let z(x) = 14504*x + 1145826. What is z(-79)?
10
Let r(n) = -22*n**2 - 1409*n + 23946. Determine r(-78).
0
Let z(i) = 2391*i - 246626. Determine z(103).
-353
Let a(d) = -4*d**2 + 25*d + 595. Determine a(-19).
-1324
Let c(x) = -21*x**3 - 6*x**2 - 7*x. Give c(-2).
158
Let l(n) = -991*n + 129677. Determine l(131).
-144
Let q(p) = -p**3 + 49*p**2 - 110*p + 1157. Determine q(47).
405
Let o(n) = -87*n**2 + 52293*n - 3580. Determine o(601).
26
Let h(k) = k**2 - 23902*k - 14902079. Calculate h(-608).
1
Let k(d) = -8*d**2 + 10*d + 56. What is k(-4)?
-112
Let n(r) = -r**3 - 145*r**2 + 146*r + 833. What is n(-146)?
833
Let m(t) = -2*t**2 - 235*t - 1129. Calculate m(-5).
-4
Let u(g) = -574*g + 345. Calculate u(0).
345
Let p(v) = -v**2 - 60*v - 817. What is p(-43)?
-86
Let r(y) = -2*y**3 + 67*y**2 - 704*y + 248. Determine r(9).
-2119
Let b(a) = 3*a**2 - 562*a - 2598. Calculate b(192).
90
Let p(x) = 374*x**2 - 809*x - 22. Calculate p(2).
-144
Let t(b) = -1037*b**2 + 5103*b + 70. Calculate t(5).
-340
Let x(k) = -3*k**2 + 45*k + 7889. Determine x(59).
101
Let r(v) = 3590*v**2 + 32526*v + 1930. Give r(-9).
-14
Let v(u) = -u**3 - 58*u**2 - 453*u - 626. Give v(-48).
-1922
Let u(f) = -20*f**3 - 618*f**2 - 2976*f + 113. What is u(-6)?
41
Let r(f) = 3294*f + 22875. Calculate r(-7).
-183
Let f(k) = -2*k**2 + 29818*k - 2. What is f(0)?
-2
Let n(x) = -x**2 + 132*x - 5518. What is n(88)?
-1646
Let z(q) = -4842*q - 34051. Calculate z(-7).
-157
Let f(q) = 191819*q - 35. Give f(0).
-35
Let j(x) = 1064*x - 14582. Calculate j(16).
2442
Let r(q) = 281*q - 9353. Determine r(34).
201
Let a(h) = h**3 + 10*h**2 - 87*h + 437. Calculate a(6).
491
Let i(b) = 73*b + 1274. What is i(-32)?
-1062
Let p(i) = -2028*i - 48695. Determine p(-24).
-23
Let p(s) = -s**3 + 16*s**2 + 357*s - 2534. Determine p(6).
-32
Let d(o) = 370*o**2 + 117*o - 8. Calculate d(2).
1706
Let w(a) = 111*a - 2343. Give w(17).
-456
Let v(y) = -y**3 - 940*y**2 - 1863*y + 12161. What is v(-938)?
-33
Let g(y) = -2*y**3 - 79*y**2 + 4*y + 1615. What is g(-39)?
-62
Let u(m) = -253*m**2 + 22257*m + 300. What is u(88)?
-316
Let b(k) = 30189*k + 845291. Calculate b(-28).
-1
Let c(d) = -128934*d - 902554. Calculate c(-7).
-16
Let k(n) = n**3 - 154*n**2 + 319*n + 819. Give k(152).
3099
Let n(k) = -1479*k**2 - 4378*k + 4. Calculate n(-3).
-173
Let y(b) = 6*b**2 + 1278*b - 18907. Calculate y(-227).
161
Let f(m) = 6*m**3 + 117*m**2 + 2471*m + 50618. Determine f(-20).
-2
Let f(u) = 42*u + 958. Calculate f(-57).
-1436
Let x(h) = 1511*h + 773603. Determine x(-512).
-29
Let u(p) = -5956*p - 399014. Give u(-67).
38
Let a(s) = -256*s - 736. Calculate a(-11).
2080
Let k(c) = c**3 + 314*c**2 + 4551*c + 19726. Give k(-299).
-8
Let o(g) = -7*g**2 - 532*g + 4372. What is o(8)?
-332
Let y(t) = -t**2 + 156*t - 385. What is y(2)?
-77
Let z(v) = -202*v**2 - 2831*v - 48. Give z(-14).
-6
Let g(y) = -170862*y - 341746. Calculate g(-2).
-22
Let g(z) = 4*z**2 - 2987*z + 91388. Give g(32).
-100
Let f(r) = -5*r**3 + 1201*r**2 - 44087*r + 3303. Calculate f(195).
-12
Let n(q) = -q**2 + q + 6001. Determine n(-76).
149
Let q(z) = 227549*z - 21617147. Calculate q(95).
8
Let d(o) = 124*o**3 + 15*o**2 - 132*o - 146. Give d(-1).
-123
Let q(a) = 4*a**3 - 55*a**2 + 55*a - 3. What is q(12)?
-351
Let v(o) = o**2 + 257*o - 8616. Calculate v(30).
-6
Let v(c) = 7*c**2 - 198*c + 103. Calculate v(-5).
1268
Let h(w) = 2238*w**2 - 494641*w + 9506. Calculate h(221).
3
Let x(j) = 8*j**3 + 1074*j**2 + 1326*j - 536. What is x(-133)?
-4
Let z(x) = 353*x + 5603. Calculate z(-16).
-45
Let x(v) = v**2 + 5224*v + 26071. Calculate x(-5).
-24
Let m(v) = -v**3 - 34*v**2 - 42*v + 72. What is m(-30)?
-2268
Let y(v) = -2636*v - 13712. Determine y(-5).
-532
Let z(j) = -757*j**2 - 7570*j. Calculate z(-10).
0
Let j(a) = -10*a**2 - 1087*a - 461. Determine j(-109).
-788
Let w(u) = 5*u**3 - 26*u**2 + 81*u + 108. What is w(5)?
488
Let h(i) = -215*i**2 + 10210*i + 10211. What is h(-1)?
-214
Let m(w) = -w**3 + 8*w**2 - 71*w + 527. Calculate m(8).
-41
Let v(n) = -n**3 + 63*n**2 - 243*n + 3774. What is v(60)?
-6
Let t(y) = -12*y**3 - 35*y**2 + 154*y + 3. Determine t(5).
-1602
Let q(f) = 8*f**2 - 207*f + 1329. Give q(16).
65
Let x(u) = 77*u**3 + 4*u**2 - 10